{"id":10,"date":"2024-07-29T13:22:35","date_gmt":"2024-07-29T13:22:35","guid":{"rendered":"https:\/\/rodicaochis.ro\/?page_id=10"},"modified":"2024-08-30T11:03:30","modified_gmt":"2024-08-30T11:03:30","slug":"home-page","status":"publish","type":"page","link":"https:\/\/rodicaochis.ro\/","title":{"rendered":"Homepage"},"content":{"rendered":"\t\t<div data-elementor-type=\"wp-page\" data-elementor-id=\"10\" class=\"elementor elementor-10\" data-elementor-post-type=\"page\">\n\t\t\t\t<div class=\"elementor-element elementor-element-b5c6e4c e-flex e-con-boxed e-con e-parent\" data-id=\"b5c6e4c\" data-element_type=\"container\" data-settings=\"{&quot;background_background&quot;:&quot;classic&quot;}\">\n\t\t\t\t\t<div class=\"e-con-inner\">\n\t\t<div class=\"elementor-element elementor-element-424676a e-flex e-con-boxed e-con e-child\" data-id=\"424676a\" data-element_type=\"container\" data-settings=\"{&quot;background_background&quot;:&quot;classic&quot;}\">\n\t\t\t\t\t<div class=\"e-con-inner\">\n\t\t<div class=\"elementor-element elementor-element-f080fb4 e-con-full e-flex e-con e-child\" data-id=\"f080fb4\" data-element_type=\"container\" data-settings=\"{&quot;background_background&quot;:&quot;classic&quot;}\">\n\t\t\t\t<div class=\"elementor-element elementor-element-688bda2 elementor-widget elementor-widget-heading\" data-id=\"688bda2\" data-element_type=\"widget\" data-widget_type=\"heading.default\">\n\t\t\t\t<div class=\"elementor-widget-container\">\n\t\t\t<style>\/*! elementor - v3.23.0 - 25-07-2024 *\/\n.elementor-heading-title{padding:0;margin:0;line-height:1}.elementor-widget-heading .elementor-heading-title[class*=elementor-size-]>a{color:inherit;font-size:inherit;line-height:inherit}.elementor-widget-heading .elementor-heading-title.elementor-size-small{font-size:15px}.elementor-widget-heading .elementor-heading-title.elementor-size-medium{font-size:19px}.elementor-widget-heading .elementor-heading-title.elementor-size-large{font-size:29px}.elementor-widget-heading .elementor-heading-title.elementor-size-xl{font-size:39px}.elementor-widget-heading .elementor-heading-title.elementor-size-xxl{font-size:59px}<\/style><h2 class=\"elementor-heading-title elementor-size-default\">Dincolo de t\u0103ceri<\/h2>\t\t<\/div>\n\t\t\t\t<\/div>\n\t\t\t\t<div class=\"elementor-element elementor-element-56362cd elementor-widget elementor-widget-text-editor\" data-id=\"56362cd\" data-element_type=\"widget\" data-widget_type=\"text-editor.default\">\n\t\t\t\t<div class=\"elementor-widget-container\">\n\t\t\t<style>\/*! elementor - v3.23.0 - 25-07-2024 *\/\n.elementor-widget-text-editor.elementor-drop-cap-view-stacked .elementor-drop-cap{background-color:#69727d;color:#fff}.elementor-widget-text-editor.elementor-drop-cap-view-framed .elementor-drop-cap{color:#69727d;border:3px solid;background-color:transparent}.elementor-widget-text-editor:not(.elementor-drop-cap-view-default) .elementor-drop-cap{margin-top:8px}.elementor-widget-text-editor:not(.elementor-drop-cap-view-default) .elementor-drop-cap-letter{width:1em;height:1em}.elementor-widget-text-editor .elementor-drop-cap{float:left;text-align:center;line-height:1;font-size:50px}.elementor-widget-text-editor .elementor-drop-cap-letter{display:inline-block}<\/style>\t\t\t\t<p>G\u00e2nduri, sentimente, tr\u0103iri, toate adunate \u0219i a\u0219ezate cu drag pentru voi, \u00een paginile noului meu volum de poezii, DINCOLO DE T\u0102CERI.<\/p>\t\t\t\t\t\t<\/div>\n\t\t\t\t<\/div>\n\t\t\t\t<\/div>\n\t\t\t\t<div class=\"elementor-element elementor-element-2545bd4 elementor-widget elementor-widget-image\" data-id=\"2545bd4\" data-element_type=\"widget\" data-widget_type=\"image.default\">\n\t\t\t\t<div class=\"elementor-widget-container\">\n\t\t\t<style>\/*! elementor - v3.23.0 - 25-07-2024 *\/\n.elementor-widget-image{text-align:center}.elementor-widget-image a{display:inline-block}.elementor-widget-image a img[src$=\".svg\"]{width:48px}.elementor-widget-image img{vertical-align:middle;display:inline-block}<\/style>\t\t\t\t\t\t\t\t\t\t<img fetchpriority=\"high\" decoding=\"async\" width=\"800\" height=\"640\" src=\"https:\/\/rodicaochis.ro\/wp-content\/uploads\/2024\/07\/452753252_2589174224595798_898139811451893702_n-Background-Removed-1024x819.png\" class=\"attachment-large size-large wp-image-62\" alt=\"\" srcset=\"https:\/\/rodicaochis.ro\/wp-content\/uploads\/2024\/07\/452753252_2589174224595798_898139811451893702_n-Background-Removed-1024x819.png 1024w, https:\/\/rodicaochis.ro\/wp-content\/uploads\/2024\/07\/452753252_2589174224595798_898139811451893702_n-Background-Removed-300x240.png 300w, https:\/\/rodicaochis.ro\/wp-content\/uploads\/2024\/07\/452753252_2589174224595798_898139811451893702_n-Background-Removed-768x614.png 768w, https:\/\/rodicaochis.ro\/wp-content\/uploads\/2024\/07\/452753252_2589174224595798_898139811451893702_n-Background-Removed-1536x1229.png 1536w, https:\/\/rodicaochis.ro\/wp-content\/uploads\/2024\/07\/452753252_2589174224595798_898139811451893702_n-Background-Removed.png 1600w\" sizes=\"(max-width: 800px) 100vw, 800px\" \/>\t\t\t\t\t\t\t\t\t\t\t\t\t<\/div>\n\t\t\t\t<\/div>\n\t\t\t\t\t<\/div>\n\t\t\t\t<\/div>\n\t\t\t\t\t<\/div>\n\t\t\t\t<\/div>\n\t\t<div class=\"elementor-element elementor-element-efb6fd8 e-flex e-con-boxed e-con e-parent\" data-id=\"efb6fd8\" data-element_type=\"container\">\n\t\t\t\t\t<div class=\"e-con-inner\">\n\t\t<div class=\"elementor-element elementor-element-b3c0974 e-con-full e-flex e-con e-child\" data-id=\"b3c0974\" data-element_type=\"container\">\n\t\t\t\t<div class=\"elementor-element elementor-element-0b60826 elementor-widget elementor-widget-image\" data-id=\"0b60826\" data-element_type=\"widget\" data-widget_type=\"image.default\">\n\t\t\t\t<div class=\"elementor-widget-container\">\n\t\t\t\t\t\t\t\t\t\t\t\t\t<img decoding=\"async\" width=\"480\" height=\"478\" src=\"https:\/\/rodicaochis.ro\/wp-content\/uploads\/2024\/07\/396275559_2409855022527720_307155553869134872_n.jpg\" class=\"attachment-large size-large wp-image-69\" alt=\"\" srcset=\"https:\/\/rodicaochis.ro\/wp-content\/uploads\/2024\/07\/396275559_2409855022527720_307155553869134872_n.jpg 480w, https:\/\/rodicaochis.ro\/wp-content\/uploads\/2024\/07\/396275559_2409855022527720_307155553869134872_n-300x300.jpg 300w, https:\/\/rodicaochis.ro\/wp-content\/uploads\/2024\/07\/396275559_2409855022527720_307155553869134872_n-150x150.jpg 150w\" sizes=\"(max-width: 480px) 100vw, 480px\" \/>\t\t\t\t\t\t\t\t\t\t\t\t\t<\/div>\n\t\t\t\t<\/div>\n\t\t<div class=\"elementor-element elementor-element-9f91972 e-con-full e-flex e-con e-child\" data-id=\"9f91972\" data-element_type=\"container\">\n\t\t\t\t<div class=\"elementor-element elementor-element-0c8b658 elementor-widget elementor-widget-heading\" data-id=\"0c8b658\" data-element_type=\"widget\" data-widget_type=\"heading.default\">\n\t\t\t\t<div class=\"elementor-widget-container\">\n\t\t\t<h2 class=\"elementor-heading-title elementor-size-default\">Despre Rodica Ochi\u0219<\/h2>\t\t<\/div>\n\t\t\t\t<\/div>\n\t\t\t\t<div class=\"elementor-element elementor-element-5914106 elementor-widget elementor-widget-text-editor\" data-id=\"5914106\" data-element_type=\"widget\" data-widget_type=\"text-editor.default\">\n\t\t\t\t<div class=\"elementor-widget-container\">\n\t\t\t\t\t\t\t<p>Lorem ipsum dolor sit amet, consectetur adipiscing elit. Ut elit tellus, luctus nec ullamcorper mattis, pulvinar dapibus leo.<\/p>\t\t\t\t\t\t<\/div>\n\t\t\t\t<\/div>\n\t\t\t\t<\/div>\n\t\t\t\t<\/div>\n\t\t\t\t\t<\/div>\n\t\t\t\t<\/div>\n\t\t<div class=\"elementor-element elementor-element-8ee5e52 e-flex e-con-boxed e-con e-parent\" data-id=\"8ee5e52\" data-element_type=\"container\" data-settings=\"{&quot;background_background&quot;:&quot;classic&quot;}\">\n\t\t\t\t\t<div class=\"e-con-inner\">\n\t\t\t\t<div class=\"elementor-element elementor-element-c61bec6 elementor-widget-mobile__width-inherit elementor-widget elementor-widget-heading\" data-id=\"c61bec6\" data-element_type=\"widget\" data-widget_type=\"heading.default\">\n\t\t\t\t<div class=\"elementor-widget-container\">\n\t\t\t<h2 class=\"elementor-heading-title elementor-size-default\">Ultimele poezii<\/h2>\t\t<\/div>\n\t\t\t\t<\/div>\n\t\t\t\t<div class=\"elementor-element elementor-element-1196c5f elementor-grid-4 elementor-grid-tablet-3 elementor-grid-mobile-1 elementor-posts--thumbnail-top elementor-widget elementor-widget-posts\" data-id=\"1196c5f\" data-element_type=\"widget\" data-settings=\"{&quot;classic_columns&quot;:&quot;4&quot;,&quot;classic_row_gap&quot;:{&quot;unit&quot;:&quot;px&quot;,&quot;size&quot;:27,&quot;sizes&quot;:[]},&quot;classic_columns_tablet&quot;:&quot;3&quot;,&quot;classic_columns_mobile&quot;:&quot;1&quot;,&quot;classic_row_gap_tablet&quot;:{&quot;unit&quot;:&quot;px&quot;,&quot;size&quot;:&quot;&quot;,&quot;sizes&quot;:[]},&quot;classic_row_gap_mobile&quot;:{&quot;unit&quot;:&quot;px&quot;,&quot;size&quot;:&quot;&quot;,&quot;sizes&quot;:[]}}\" data-widget_type=\"posts.classic\">\n\t\t\t\t<div class=\"elementor-widget-container\">\n\t\t\t<link rel=\"stylesheet\" href=\"https:\/\/rodicaochis.ro\/wp-content\/plugins\/elementor-pro\/assets\/css\/widget-posts.min.css?ver=1722259215\">\t\t<div class=\"elementor-posts-container elementor-posts elementor-posts--skin-classic elementor-grid\">\n\t\t\t\t<article class=\"elementor-post elementor-grid-item post-204 post type-post status-publish format-standard has-post-thumbnail hentry category-adieri-si-fluturi\">\n\t\t\t\t<a class=\"elementor-post__thumbnail__link\" href=\"https:\/\/rodicaochis.ro\/index.php\/2024\/07\/30\/dorinta\/\" tabindex=\"-1\" >\n\t\t\t<div class=\"elementor-post__thumbnail\"><img decoding=\"async\" width=\"480\" height=\"480\" src=\"https:\/\/rodicaochis.ro\/wp-content\/uploads\/2024\/07\/453004991_2592241504289070_5555693735851704526_n-2.jpg\" class=\"attachment-medium_large size-medium_large wp-image-146\" alt=\"\" srcset=\"https:\/\/rodicaochis.ro\/wp-content\/uploads\/2024\/07\/453004991_2592241504289070_5555693735851704526_n-2.jpg 480w, https:\/\/rodicaochis.ro\/wp-content\/uploads\/2024\/07\/453004991_2592241504289070_5555693735851704526_n-2-300x300.jpg 300w, https:\/\/rodicaochis.ro\/wp-content\/uploads\/2024\/07\/453004991_2592241504289070_5555693735851704526_n-2-150x150.jpg 150w\" sizes=\"(max-width: 480px) 100vw, 480px\" \/><\/div>\n\t\t<\/a>\n\t\t\t\t<div class=\"elementor-post__text\">\n\t\t\t\t<h3 class=\"elementor-post__title\">\n\t\t\t<a href=\"https:\/\/rodicaochis.ro\/index.php\/2024\/07\/30\/dorinta\/\" >\n\t\t\t\tDorin\u021ba\t\t\t<\/a>\n\t\t<\/h3>\n\t\t\t\t<div class=\"elementor-post__meta-data\">\n\t\t\t\t\t<span class=\"elementor-post-date\">\n\t\t\tiulie 30, 2024\t\t<\/span>\n\t\t\t\t<\/div>\n\t\t\t\t<div class=\"elementor-post__excerpt\">\n\t\t\t<p>Amurgul se scald\u0103 \u00een ape ce curg,Un dor nefiresc colind\u0103 c\u0103rarea,La margini de g\u00e2nd, troneaz\u0103 visarea&nbsp;\u0218i \u0219oapte pe buze alene<\/p>\n\t\t<\/div>\n\t\t\t\t\t<div class=\"elementor-post__read-more-wrapper\">\n\t\t\n\t\t<a class=\"elementor-post__read-more\" href=\"https:\/\/rodicaochis.ro\/index.php\/2024\/07\/30\/dorinta\/\" aria-label=\"Read more about Dorin\u021ba\" tabindex=\"-1\" >\n\t\t\tCite\u0219te mai departe...\t\t<\/a>\n\n\t\t\t\t\t<\/div>\n\t\t\t\t<\/div>\n\t\t\t\t<\/article>\n\t\t\t\t<article class=\"elementor-post elementor-grid-item post-148 post type-post status-publish format-standard has-post-thumbnail hentry category-adieri-si-fluturi\">\n\t\t\t\t<a class=\"elementor-post__thumbnail__link\" href=\"https:\/\/rodicaochis.ro\/index.php\/2024\/07\/30\/castele-de-nisip\/\" tabindex=\"-1\" >\n\t\t\t<div class=\"elementor-post__thumbnail\"><img loading=\"lazy\" decoding=\"async\" width=\"768\" height=\"445\" src=\"https:\/\/rodicaochis.ro\/wp-content\/uploads\/2024\/07\/451224779_2581872138659340_7680051774608407085_n-2.jpg\" class=\"attachment-medium_large size-medium_large wp-image-149\" alt=\"\" srcset=\"https:\/\/rodicaochis.ro\/wp-content\/uploads\/2024\/07\/451224779_2581872138659340_7680051774608407085_n-2.jpg 768w, https:\/\/rodicaochis.ro\/wp-content\/uploads\/2024\/07\/451224779_2581872138659340_7680051774608407085_n-2-300x174.jpg 300w\" sizes=\"(max-width: 768px) 100vw, 768px\" \/><\/div>\n\t\t<\/a>\n\t\t\t\t<div class=\"elementor-post__text\">\n\t\t\t\t<h3 class=\"elementor-post__title\">\n\t\t\t<a href=\"https:\/\/rodicaochis.ro\/index.php\/2024\/07\/30\/castele-de-nisip\/\" >\n\t\t\t\tCastele de nisip\t\t\t<\/a>\n\t\t<\/h3>\n\t\t\t\t<div class=\"elementor-post__meta-data\">\n\t\t\t\t\t<span class=\"elementor-post-date\">\n\t\t\tiulie 30, 2024\t\t<\/span>\n\t\t\t\t<\/div>\n\t\t\t\t<div class=\"elementor-post__excerpt\">\n\t\t\t<p>Adun\u0103-n tain\u0103 boabe de nisip,Triste\u021bilor s\u0103 le zide\u0219ti castele&#8230;C\u00e2nd noaptea te \u00eenv\u0103luie cu stele,\u00cembrac\u0103-\u021bi \u00een lumin\u0103 al t\u0103u chip. Apoi,<\/p>\n\t\t<\/div>\n\t\t\t\t\t<div class=\"elementor-post__read-more-wrapper\">\n\t\t\n\t\t<a class=\"elementor-post__read-more\" href=\"https:\/\/rodicaochis.ro\/index.php\/2024\/07\/30\/castele-de-nisip\/\" aria-label=\"Read more about Castele de nisip\" tabindex=\"-1\" >\n\t\t\tCite\u0219te mai departe...\t\t<\/a>\n\n\t\t\t\t\t<\/div>\n\t\t\t\t<\/div>\n\t\t\t\t<\/article>\n\t\t\t\t<article class=\"elementor-post elementor-grid-item post-98 post type-post status-publish format-standard has-post-thumbnail hentry category-adieri-si-fluturi\">\n\t\t\t\t<a class=\"elementor-post__thumbnail__link\" href=\"https:\/\/rodicaochis.ro\/index.php\/2024\/07\/29\/ofranda-la-calvar\/\" tabindex=\"-1\" >\n\t\t\t<div class=\"elementor-post__thumbnail\"><img loading=\"lazy\" decoding=\"async\" width=\"768\" height=\"460\" src=\"https:\/\/rodicaochis.ro\/wp-content\/uploads\/2024\/07\/441077589_2530388260474395_7593671123007742157_n-768x460.jpg\" class=\"attachment-medium_large size-medium_large wp-image-100\" alt=\"\" srcset=\"https:\/\/rodicaochis.ro\/wp-content\/uploads\/2024\/07\/441077589_2530388260474395_7593671123007742157_n-768x460.jpg 768w, https:\/\/rodicaochis.ro\/wp-content\/uploads\/2024\/07\/441077589_2530388260474395_7593671123007742157_n-300x180.jpg 300w, https:\/\/rodicaochis.ro\/wp-content\/uploads\/2024\/07\/441077589_2530388260474395_7593671123007742157_n.jpg 1024w\" sizes=\"(max-width: 768px) 100vw, 768px\" \/><\/div>\n\t\t<\/a>\n\t\t\t\t<div class=\"elementor-post__text\">\n\t\t\t\t<h3 class=\"elementor-post__title\">\n\t\t\t<a href=\"https:\/\/rodicaochis.ro\/index.php\/2024\/07\/29\/ofranda-la-calvar\/\" >\n\t\t\t\tOfrand\u0103 la Calvar\t\t\t<\/a>\n\t\t<\/h3>\n\t\t\t\t<div class=\"elementor-post__meta-data\">\n\t\t\t\t\t<span class=\"elementor-post-date\">\n\t\t\tiulie 29, 2024\t\t<\/span>\n\t\t\t\t<\/div>\n\t\t\t\t<div class=\"elementor-post__excerpt\">\n\t\t\t<p>Pe umeri ai purtat p\u0103catu-ntregii lumiiC\u0103-n Tine era Dragostea cea mare!N-ai scos nici un cuv\u00e2nt c\u00e2nd gloata de nebuniVoiau cu<\/p>\n\t\t<\/div>\n\t\t\t\t\t<div class=\"elementor-post__read-more-wrapper\">\n\t\t\n\t\t<a class=\"elementor-post__read-more\" href=\"https:\/\/rodicaochis.ro\/index.php\/2024\/07\/29\/ofranda-la-calvar\/\" aria-label=\"Read more about Ofrand\u0103 la Calvar\" tabindex=\"-1\" >\n\t\t\tCite\u0219te mai departe...\t\t<\/a>\n\n\t\t\t\t\t<\/div>\n\t\t\t\t<\/div>\n\t\t\t\t<\/article>\n\t\t\t\t<article class=\"elementor-post elementor-grid-item post-22 post type-post status-publish format-standard has-post-thumbnail hentry category-adieri-si-fluturi\">\n\t\t\t\t<a class=\"elementor-post__thumbnail__link\" href=\"https:\/\/rodicaochis.ro\/index.php\/2024\/07\/29\/condamnati-de-amintiri\/\" tabindex=\"-1\" >\n\t\t\t<div class=\"elementor-post__thumbnail\"><img loading=\"lazy\" decoding=\"async\" width=\"720\" height=\"1280\" src=\"https:\/\/rodicaochis.ro\/wp-content\/uploads\/2024\/07\/438098941_2523013317878556_9179794320455306105_n.jpg\" class=\"attachment-medium_large size-medium_large wp-image-23\" alt=\"\" srcset=\"https:\/\/rodicaochis.ro\/wp-content\/uploads\/2024\/07\/438098941_2523013317878556_9179794320455306105_n.jpg 720w, https:\/\/rodicaochis.ro\/wp-content\/uploads\/2024\/07\/438098941_2523013317878556_9179794320455306105_n-169x300.jpg 169w, https:\/\/rodicaochis.ro\/wp-content\/uploads\/2024\/07\/438098941_2523013317878556_9179794320455306105_n-576x1024.jpg 576w\" sizes=\"(max-width: 720px) 100vw, 720px\" \/><\/div>\n\t\t<\/a>\n\t\t\t\t<div class=\"elementor-post__text\">\n\t\t\t\t<h3 class=\"elementor-post__title\">\n\t\t\t<a href=\"https:\/\/rodicaochis.ro\/index.php\/2024\/07\/29\/condamnati-de-amintiri\/\" >\n\t\t\t\tCondamna\u021bi de amintiri\t\t\t<\/a>\n\t\t<\/h3>\n\t\t\t\t<div class=\"elementor-post__meta-data\">\n\t\t\t\t\t<span class=\"elementor-post-date\">\n\t\t\tiulie 29, 2024\t\t<\/span>\n\t\t\t\t<\/div>\n\t\t\t\t<div class=\"elementor-post__excerpt\">\n\t\t\t<p>\u00ce\u021bi aminte\u0219ti de ultima poveste,Pe care-ai pus pecetea de sf\u00e2r\u0219it?Un zbor s-a pr\u0103bu\u0219it f\u0103r\u0103 de creste\u0218i a r\u0103mas \u00een h\u0103ul<\/p>\n\t\t<\/div>\n\t\t\t\t\t<div class=\"elementor-post__read-more-wrapper\">\n\t\t\n\t\t<a class=\"elementor-post__read-more\" href=\"https:\/\/rodicaochis.ro\/index.php\/2024\/07\/29\/condamnati-de-amintiri\/\" aria-label=\"Read more about Condamna\u021bi de amintiri\" tabindex=\"-1\" >\n\t\t\tCite\u0219te mai departe...\t\t<\/a>\n\n\t\t\t\t\t<\/div>\n\t\t\t\t<\/div>\n\t\t\t\t<\/article>\n\t\t\t\t<\/div>\n\t\t\n\t\t\t\t<\/div>\n\t\t\t\t<\/div>\n\t\t\t\t\t<\/div>\n\t\t\t\t<\/div>\n\t\t<div class=\"elementor-element elementor-element-22e30d7 e-flex e-con-boxed e-con e-parent\" data-id=\"22e30d7\" data-element_type=\"container\">\n\t\t\t\t\t<div class=\"e-con-inner\">\n\t\t\t\t<div class=\"elementor-element elementor-element-182 elementor-align-center elementor-widget elementor-widget-global elementor-global-182 elementor-widget-button\" data-id=\"182\" data-element_type=\"widget\" data-widget_type=\"button.default\">\n\t\t\t\t<div class=\"elementor-widget-container\">\n\t\t\t\t\t<div class=\"elementor-button-wrapper\">\n\t\t\t<a class=\"elementor-button elementor-button-link elementor-size-sm\" href=\"https:\/\/rodicaochis.ro\/index.php\/blog\/\">\n\t\t\t\t\t\t<span class=\"elementor-button-content-wrapper\">\n\t\t\t\t\t\t\t\t\t<span class=\"elementor-button-text\">Vezi toate poeziile<\/span>\n\t\t\t\t\t<\/span>\n\t\t\t\t\t<\/a>\n\t\t<\/div>\n\t\t\t\t<\/div>\n\t\t\t\t<\/div>\n\t\t\t\t\t<\/div>\n\t\t\t\t<\/div>\n\t\t\t\t<\/div>\n\t\t","protected":false},"excerpt":{"rendered":"<p>Dincolo de t\u0103ceri G\u00e2nduri, sentimente, tr\u0103iri, toate adunate \u0219i a\u0219ezate cu drag pentru voi, \u00een paginile noului meu volum de poezii, DINCOLO DE T\u0102CERI. Despre Rodica Ochi\u0219 Lorem ipsum dolor sit amet, consectetur adipiscing elit. Ut elit tellus, luctus nec ullamcorper mattis, pulvinar dapibus leo. Ultimele poezii Vezi toate poeziile<\/p>\n","protected":false},"author":2,"featured_media":0,"parent":0,"menu_order":0,"comment_status":"closed","ping_status":"closed","template":"elementor_header_footer","meta":{"footnotes":""},"class_list":["post-10","page","type-page","status-publish","hentry"],"_links":{"self":[{"href":"https:\/\/rodicaochis.ro\/index.php\/wp-json\/wp\/v2\/pages\/10","targetHints":{"allow":["GET"]}}],"collection":[{"href":"https:\/\/rodicaochis.ro\/index.php\/wp-json\/wp\/v2\/pages"}],"about":[{"href":"https:\/\/rodicaochis.ro\/index.php\/wp-json\/wp\/v2\/types\/page"}],"author":[{"embeddable":true,"href":"https:\/\/rodicaochis.ro\/index.php\/wp-json\/wp\/v2\/users\/2"}],"replies":[{"embeddable":true,"href":"https:\/\/rodicaochis.ro\/index.php\/wp-json\/wp\/v2\/comments?post=10"}],"version-history":[{"count":140,"href":"https:\/\/rodicaochis.ro\/index.php\/wp-json\/wp\/v2\/pages\/10\/revisions"}],"predecessor-version":[{"id":530,"href":"https:\/\/rodicaochis.ro\/index.php\/wp-json\/wp\/v2\/pages\/10\/revisions\/530"}],"wp:attachment":[{"href":"https:\/\/rodicaochis.ro\/index.php\/wp-json\/wp\/v2\/media?parent=10"}],"curies":[{"name":"wp","href":"https:\/\/api.w.org\/{rel}","templated":true}]}}